 + 2 composite?
False
Suppose -317 = t - 2*t. Is t composite?
False
Let d(l) = l + 5 + 9*l + 2*l + 4. Let w be d(-13). Is w/(-6) + (-2)/(-4) composite?
True
Let l(g) be the second derivative of g**4/12 - 37*g**2/2 + g. Let f be l(0). Is (1 + -2)*(0 + f) composite?
False
Let f be (-1)/((-1)/(-1) - 2). Let w be (-11 + 1)/(f/2). Let i = w + 35. Is i composite?
True
Is 1/((-4)/12) - -61 prime?
False
Let d(y) = y**2 + y - 1. Let f be d(2). Suppose -214 = -3*c + 4*a, f = -5*a - 0. Suppose -4*j = 5*m - 45, -5*m = 2*j - 3*j - c. Is m a prime number?
True
Let b(z) = 100*z**2 + 5*z - 49. Is b(-6) a prime number?
False
Suppose -38*m + 124152 = -14*m. Is m a composite number?
True
Suppose -4*t - 28 = 288. Suppose 8*s - 12*s - 168 = 0. Let u = s - t. Is u a prime number?
True
Let t = -4 + 7. Suppose -c - t*w = c - 133, 4*c - 265 = -5*w. Is c composite?
True
Let l(h) = -h**3 + 11*h**2 + 8*h - 5. Is l(7) a composite number?
True
Suppose -7 = -3*r + 2. Suppose i - 196 = -r*i. Suppose -i = -k + 4. Is k a composite number?
False
Let m = -15 - -25. Suppose 5*f = 3*f - 4*h - m, 3*h = -9. Suppose -5*i + 2*y + 73 = 0, -2*y + 43 = 4*i - f. Is i prime?
True
Let a(b) = -b**3 - 11*b**2 - 7*b + 8. Is a(-13) prime?
False
Let j(c) = 92*c - 29. Is j(6) prime?
True
Let c = 6 - 5. Is (2 + -3)*c*-14 composite?
True
Suppose -2*i + 0*i = 0. Let v(s) = -s + 4. Let x be v(7). Is i + x + 2 - -5 a composite number?
True
Let p(u) = 39*u**2 + 2*u - 1. Let b be p(1). Let l = 61 - b. Is l a prime number?
False
Suppose -3*j + 449 = 2*h, -3*h + 0*h - j = -670. Is h composite?
False
Suppose -2*h = 4*a + 22, 4*a - 1 + 2 = 5*h. Let v = -2 - a. Is 2 - -1*(7 - v) prime?
True
Suppose 4*f = -249 + 2925. Is f a prime number?
False
Suppose 2*o - 5*a - 7 = 0, -3*o - 2*o + 5*a = 5. Let w(f) = -2*f**3 - f**2 - 3*f + 3. Is w(o) composite?
False
Suppose -295 = -3*i - 4*a, 2*i + 189 = 4*i - 5*a. Is i prime?
True
Let m = 3 - 5. Let i be ((-3)/m)/((-3)/18). Let w = 10 - i. Is w composite?
False
Let p(z) = -4*z - 5. Is p(-3) prime?
True
Let z(o) = o**2 + 7*o + 7. Let c be z(-6). Let t be ((-13)/(-3) - c)*-3. Is 340/(-8)*12/t prime?
False
Let c(p) = 13*p - 2. Is c(7) prime?
True
Suppose 5*p - 119 - 831 = 0. Let d = 61 + p. Is d a prime number?
True
Suppose -2*o = -3*r - 27, -3*r = o - 4*r - 15. Let t be 14630/o - (-2)/9. Suppose -65 + t = 4*f. Is f a composite number?
True
Suppose 4*i = 3*i - 4. Let u be (-74)/i - 5/10. Suppose 4*h + 2*k = u, 0 = k - 0 + 3. Is h a composite number?
True
Let w be 28/6 + (-8)/(-24). Suppose 73 - 23 = -w*b. Is (-1956)/(-60) + (-4)/b a composite number?
True
Let u(k) = 554*k + 1. Let p be u(-2). Let l = -781 - p. Is l a prime number?
False
Is (-18)/4*(-474)/9 a prime number?
False
Let t be (-1704)/(-10) + 2/(-5). Suppose -7*s + t = -2*s. Is s prime?
False
Is (-5 - (4 + -10))*127/1 a composite number?
False
Let d be -943 + (-12)/3 - -2. Let a = -626 - d. Is a a composite number?
True
Let z = 19 + -6. Let l(g) = -12 + z*g**2 - 2*g - g + g**3 - 2*g + 0*g**2. Is l(-13) a prime number?
True
Let r(f) = f - 1. Let b(h) = 189*h + 7. Let a(t) = -b(t) - 6*r(t). Is a(-2) a prime number?
True
Suppose 3*h + 2 + 22 = 5*n, 4*h + 4*n = 0. Let p(g) = -3*g - 3. Is p(h) a prime number?
False
Let d be (1 + -34)/((-2)/12). Suppose 0 = -4*g + d - 50. Is g composite?
False
Suppose 3*t = 4*a - 5694, 1 = 2*t - 3. Let b = -838 + a. Is b prime?
True
Suppose -4*y + 0*j - 5*j - 14 = 0, 0 = 5*y + 3*j + 11. Let t be 0/((-2 - y)*-1). Suppose 3*p - 29 - 70 = t. Is p composite?
True
Let w(j) = -j**3 + 3*j**2 + 2*j - 4. Let l be w(3). Suppose -1 = -a - l*f + 11, 2*f = 10. Suppose a*g + 0*g - 14 = 0. Is g composite?
False
Suppose -19*l = -16*l - 18. Let f(q) = 2*q**2 + 2*q + 1. Let n(d) = -3*d**2 - d - 1. Let s(w) = -7*f(w) - 6*n(w). Is s(l) composite?
True
Let h(k) = k**3 + 8*k**2 - 4*k - 12. Let p be h(-8). Suppose -4*l = -p, -4*l = 2*r - 0*l - 98. Is r a prime number?
False
Suppose -4*x = -0*h + h - 8, 2*x - 4 = -4*h. Suppose -18 = -x*f - f. Suppose 4*r - 5*a = 64, -2*r - 5*a = 4 - f. Is r prime?
True
Let r be (-135)/12*(-24)/(-9). Let i = r - -65. Is i a composite number?
True
Let c be 329/63 - 6/27. Let k(b) = -44*b + 1. Let n be k(-1). Suppose -c*f + 160 = n. Is f prime?
True
Suppose -3*k + 18 = 3. Suppose 208 - 598 = -5*j - k*u, -327 = -4*j - u. Is j composite?
False
Let h(z) = -z**3 - 6*z**2 - 4*z + 7. Let u be h(-5). Is (1 - (-42)/4)*u a composite number?
False
Is ((-1)/(-1))/((-1)/(-381)) composite?
True
Suppose 2*q - 4 + 0 = 0. Is (q - (4 - 2)) + 19 a prime number?
True
Let b(j) = -72*j + 1. Suppose 3*h = -0*h - 9. Is b(h) prime?
False
Let i(b) = b**2 - 10*b + 9. Let x be i(12). Is (x*-1)/(3 - 4) composite?
True
Let d(k) = -k**3 + 5*k**2 - 5*k - 6. Let i be d(6). Is (-1384)/i - 2/9 composite?
False
Suppose 5*z = 4*z. Suppose -5*c + 4*r + 193 = z, 2*c + c - 3*r = 117. Is c a composite number?
False
Let f(u) = -7*u**2 + 4 + 2*u**3 + 2*u - 6*u + u + 0. Is f(6) a prime number?
False
Let l(c) be the second derivative of -2*c + 1/12*c**4 + 0 + 3/2*c**2 + 1/2*c**3. Is l(3) a composite number?
True
Suppose -3*g - 2*g = -1315. Is g a prime number?
True
Let y(j) = 294*j**3 + 2*j - 2. Let w be y(1). Let t = w + -167. Is t a prime number?
True
Let k(c) = -3*c - 1. Let x be k(-3). Is ((-106)/x)/(1/(-4)) composite?
False
Suppose -4 = 4*k, -l + 2190 = 4*l - 5*k. Is l a prime number?
False
Let i be (-26)/(-2) + (-3 - -1). Suppose 4*o = -3*g - 5, -2*g + 2*o + 31 = i. Suppose 2*b = -g*c + 171, 0 = -4*b - 5*c + 118 + 219. Is b composite?
False
Let f be 1/(-2*2/(-36)). Let g(h) = 4*h**2 - h + 10. Let k(s) = 7*s**2 - 2*s + 21. Let l(v) = -5*g(v) + 3*k(v). Is l(f) a composite number?
True
Suppose 0 = 3*c - 3, 4*b = b - 5*c + 686. Suppose -4*n = -4*p - b - 245, 2*n = -2*p + 216. Is n a prime number?
True
Suppose -5*v - 15 = 0, -4*v - 117 + 515 = 5*n. Is n a prime number?
False
Let h(o) be the first derivative of o**3 + 5*o**2 - 9*o + 1. Let f be h(-8). Suppose -f = -2*p - 25. Is p a prime number?
False
Let a(v) = -23*v**3 + 4*v**2 + 4*v - 1. Let d be a(-4). Suppose -d + 535 = -3*i. Is i/5 - 3/5 composite?
True
Suppose -57 - 545 = -2*j. Let o = j + -214. Is o prime?
False
Let h(y) = y**3 + 10*y**2 + 8*y - 5. Let g be h(-9). Let u(j) = 12*j**2 + 2*j - 1. Is u(g) a composite number?
False
Let n(z) = 2*z + 5. Suppose -2*h + 0*h + 18 = 0. Is n(h) composite?
False
Let m be 1/(((-4)/3)/(-4)). Suppose 0*b - 45 = m*b. Let k = 8 - b. Is k a prime number?
True
Let z(o) = 40*o**2 - o + 4. Let u be (-2)/6 + (-65)/(-15). Let k be z(u). Let g = -381 + k. Is g prime?
False
Let r(z) = 397*z + 13. Is r(2) a composite number?
True
Is (-1 - 4)/((-2)/122) prime?
False
Let h be 94/5 - 2/(-10). Suppose 2*s = -z + h, 0*z = 2*z - 2*s - 38. Is z a prime number?
True
Let m be ((-8)/5)/(-1)*-5. Is 379/4 + (-2)/m prime?
False
Suppose 3*o - 2*o = 145. Is o prime?
False
Let g(l) = 22*l**2 - 8*l - 31. Is g(-15) a composite number?
False
Is ((-1)/(-3))/(2/(-838))*-3 prime?
True
Suppose -8 = -5*o + 2*o - 2*s, -2*o + 5*s = 1. Suppose -o*r - m + 4 = -4, -2*m = 4. Suppose r*c - h - 156 = 87, -c - 2*h = -53. Is c a composite number?
True
Let w(n) be the first derivative of n**3/3 + 7*n**2/2 - 13*n + 1. Let a be w(-9). Suppose -18 = -i - i - a*m, i - 7 = -3*m. Is i composite?
False
Suppose -p = -2*p - 2*z + 21, 0 = -4*p + 4*z + 84. Let d be 3/(-2)*(-112)/p. Let f(k) = 7*k + 2. Is f(d) a composite number?
True
Suppose 0 = 54*b - 56*b + 1402. Is b a prime number?
True
Let a(r) be the third derivative of -r**6/120 + r**5/10 + r**4/8 + r**3/6 - 3*r**2. Is a(3) prime?
True
Let x(r) = 26*r + 1. Let g(z) = z**3 + 2. Let t be g(0). Is x(t) a composite number?
False
Let g = -668 - -1305. Suppose l = 2*u - 302 + 46, -5*u + g = -l. Is u prime?
True
Let r = 75 - 146. Let v = r + 102. Is v prime?
True
Is -6 + 5 - -2*669 a composite number?
True
Let f be 4/3*63/(-6). Let y = f + 63. Is y prime?
False
Let o = 20 + -17. Let z(i) = 7*i. Let h be z(5). Suppose -h = 2*x - o*x. Is x composite?
True
Suppose -4*v + y = -17, -2*v + 0*v + 4*y + 26 = 0. Suppose v*a - 8*a = -550. Suppose -m - m - 25 = -g, 3*g + m = a. Is g a prime number?
False
Let a(l) = l**3 - 5*l**2 + 9*l + 1. Is a(8) composite?
True
Let x(v) be the second derivative of -v**5/20 + 7*v**4/12 - 5*v**3/6 + 9*v**2/2 